 a = n + -2. Suppose -2*z = -a*z - 10. What is the units digit of z?
5
Suppose 5*m - 30 = 2*m - 2*r, -m + r + 5 = 0. Let n(p) = p - 3. Let d be n(m). Suppose -2*f = -d*f + 9. What is the units digit of f?
3
Let q(f) = f. Let k be q(-1). Let y be k*(-2 - (-12)/(-2)). Suppose -y + 60 = 4*w. What is the tens digit of w?
1
Suppose -5*v + 40 = -75. What is the tens digit of v?
2
Let j(g) = -g**3 - 6*g**2 - g - 2. Let o be j(-6). Suppose d + 133 = o*w, w - d = -w + 65. What is the tens digit of w?
3
Let q = -60 - -144. What is the units digit of q?
4
Suppose 0 = q, -3*j + 4*q + 9 = -0*q. Let x = j + -2. Let g = 3 - x. What is the units digit of g?
2
Suppose -588 = -3*v - 9*v. What is the units digit of v?
9
Let r = 8 - 3. What is the units digit of r?
5
Let k = -5 - -6. Let l be ((-48)/(-14))/(k/7). Suppose -l = -j - 3*j. What is the units digit of j?
6
Let j(d) = d**2 - 8*d + 7. Let m be j(5). Let a = m - -23. What is the units digit of a?
5
Let b(n) = -n**3 - 11*n**2 - 2*n + 6. Let r be b(-11). Let h = r - 1. Suppose 2*z + 5*y = h, -z + y = -2*y - 8. What is the tens digit of z?
1
Let x(j) = -j**2 - 11*j - 11. Let w be x(-11). Let a = -37 - -52. Let z = w + a. What is the units digit of z?
4
Suppose 4*v - 23 = 3*v. Suppose -v = -3*p + 5*c + 13, 4*p + c = 48. What is the tens digit of p?
1
Let f(u) = 5 - 3 + 0*u - u. Suppose -4*j = -2*s - 18, 3*s + j = 4*s + 6. What is the units digit of f(s)?
5
Let j = 13 + -13. Suppose -m + 6*u - u + 40 = j, -3*m + 92 = -u. What is the units digit of m?
0
Let c(q) = 8*q. Suppose -f - 2*f - 6 = 0. Let r = f + 3. What is the units digit of c(r)?
8
Let q = 17 + -11. Suppose q*o = o + 100. What is the units digit of o?
0
Let y(o) be the second derivative of o**4/4 - o**3/6 - o**2/2 + 3*o. Let r be y(-2). Let s = r + 3. What is the units digit of s?
6
Let f be 2/6*198/6. Let x = f - 7. Suppose a + 5*c = -8, x*c = -2*a + 4*a - 26. What is the units digit of a?
7
Let a = 125 + -76. What is the tens digit of a?
4
Let q(b) = 5*b**2 + 7*b + 5. What is the hundreds digit of q(-6)?
1
Let i(j) = j**2 - 9*j + 2. Let f be i(8). What is the units digit of -15*(-3)/((-27)/f)?
0
Let c(k) = -3*k - 9 - 1 + k. What is the units digit of c(-6)?
2
Let b(l) = l**2 - 9*l - 29. What is the hundreds digit of b(17)?
1
Suppose k + 1416 = 7*k. Suppose 4*d - 5*c = k, -4*c = -4*d - 7*c + 204. What is the units digit of d?
4
Let z = -1 - -2. Let y be (-2 - (0 - z))/1. What is the units digit of (3 + y)/(-5 + 6)?
2
Let y(k) = 2*k**2 - 10*k + 9. What is the tens digit of y(7)?
3
Suppose 0 = -3*m - 0 + 6. Let j = -88 + 84. What is the tens digit of -1 - 2*j*m?
1
Let b = 9 + -30. Let s = -9 + 3. Let m = s - b. What is the tens digit of m?
1
Let i be 3/4 - 483/(-28). What is the tens digit of (-1)/3 + 294/i?
1
What is the tens digit of 2/8 - 182/(-8)?
2
Suppose -c + 2*l - 1 + 3 = 0, 4*c = 5*l + 5. Let x(h) = h - 15. Let z(r) = -5*r + 59. Let g(p) = -9*x(p) - 2*z(p). What is the tens digit of g(c)?
1
Suppose -2 + 1 = 3*g - 4*d, -5*g - 5*d = 25. What is the tens digit of (g + (-90)/(-14))*7?
2
Suppose 4*z = 93 + 15. What is the tens digit of z?
2
Let d(u) = 10*u - 6. What is the tens digit of d(4)?
3
Let g = 160 - 149. What is the units digit of g?
1
Let w = -2 + 2. Suppose -3*g = 3*z - 78, 2*g - z - 3 - 40 = w. What is the tens digit of g?
2
Let x(h) = -h - 3. Let y = -24 + 17. What is the units digit of x(y)?
4
Let o be (-1)/(-4) - (-18)/24. Let t be (0 - o)*1*-17. Let a = t - 9. What is the units digit of a?
8
Let q(i) be the second derivative of -i**3/6 - 7*i**2/2 + 5*i. What is the units digit of q(-8)?
1
Suppose a - 5*a + 12 = 0. Let p(t) = 2*t**3 - 5*t**2 + 3*t + 1. What is the tens digit of p(a)?
1
Suppose -8*k = -10*k + 44. What is the units digit of k?
2
Let f be ((-6)/(-4))/((-3)/(-20)). Let x = f - 2. What is the units digit of x?
8
Let r(a) = 10*a**3 + a - 1. Suppose -7 = -3*d + k, 5*k = -d + 4*k + 9. Let z = 5 - d. What is the tens digit of r(z)?
1
Suppose -2*y - 53 = -0*p + p, 2*p - 56 = 2*y. Let k be (-1 + 10/6)*y. Let v = 26 + k. What is the units digit of v?
8
Let z be 1 - (3 - 1) - -3. Let d be ((3 - 1) + -2)/z. Suppose d = -q - 0 + 6. What is the units digit of q?
6
Let d be (2/(-3) + 1)*21. Suppose -2*f - 5*h + 21 = 0, 4*f - 15 = -2*h + h. Let m = d - f. What is the units digit of m?
4
Let l = 7 + -3. Let j be 1/(2*1/l). What is the units digit of 2 - (j + -1 + 0)?
1
Suppose -4*p - 25 = p. What is the tens digit of (3/2)/(p/(-100))?
3
Let o = 8 + -6. Suppose o*w = 5*h - 2, -7*w + 56 = -3*w + 5*h. What is the units digit of w?
9
Let i = -12 + 6. What is the units digit of (i/(-7))/(4/28)?
6
Suppose 3*q = q + 38. What is the units digit of q?
9
Suppose 3*v + 5*f - 17 = 287, -296 = -3*v - f. Suppose 9 = 3*o, -v = -5*b + 4*o - 0*o. What is the units digit of b?
2
Suppose -4*n + 4 = -4*z - 4, -z = 5*n - 22. Suppose -n*h + 5 = r, -6*h + 2*h + r = -11. What is the tens digit of -2*h/(12/(-33))?
1
Suppose 7*i - 2*i - 30 = 0. Suppose q = -2*q + i, 2*q - 4 = -5*y. Suppose y = 2*o - t - 25, -48 = -3*o + 3*t + 2*t. What is the units digit of o?
1
Suppose 0 = -3*v + 3*h - 6*h + 21, 0 = -2*v - 3*h + 9. What is the tens digit of v?
1
Let c be 1/((-3)/2)*-9. Let s(p) = p**2 + 9*p - 6. Let g(d) = -6*d**2 - 46*d + 29. Let h(k) = -2*g(k) - 11*s(k). What is the units digit of h(c)?
2
Let r = 865 - 567. What is the hundreds digit of r?
2
Let a(g) = 5*g**2 - 4*g - 14. What is the hundreds digit of a(-7)?
2
Let c = -275 - -523. What is the hundreds digit of c?
2
Let o(d) = 2*d**2 + 3*d + 3. What is the units digit of o(-6)?
7
What is the units digit of 60/(-4)*(-4 + (4 - 1))?
5
Let m = 84 + -59. Let p = -16 - -18. What is the units digit of p/5 - (-390)/m?
6
Let w(f) = -16*f - 4. Let b = -4 + 2. What is the units digit of w(b)?
8
Let j(f) = 2*f**2 - 13*f - 4. Let v(z) = -z**2 + 6*z + 2. Let o(b) = -6*j(b) - 13*v(b). Suppose -4 = 2*s - 0*s. What is the units digit of o(s)?
2
Let s(c) = 0 - 3 + 7 - 3*c. Let t be s(-3). Suppose -4*q + y + 32 = 0, -3*y + t = 5*q - 10. What is the units digit of q?
7
Suppose -4*r + 7 = -3*v, -2*v + 4*r - 10 = -0*r. Suppose v*o = 4*o - 3. What is the units digit of o?
3
Suppose -2*x - 25 = 3*x. Let d(c) = -c**2 - 6*c - 4. What is the units digit of d(x)?
1
Suppose 21 = i + 2*b, 0 = 3*i + b + 25 - 98. What is the units digit of i?
5
Let i(k) = -k**3 - 2*k**2 + k + 82. What is the units digit of i(0)?
2
What is the units digit of 5/5*1*36?
6
Let s = 34 + -68. Let t = -10 - -11. What is the units digit of 1/(-2*t/s)?
7
Let x(h) = -170*h - 16. What is the hundreds digit of x(-2)?
3
Let c = -1 + 21. What is the tens digit of c?
2
Let l(r) = r**2 + 5*r + 2. Let c be l(-5). Let m be (-1 - c/(-3))*-6. Let b = m - -1. What is the units digit of b?
3
Let j(z) = -z**2 + 10*z - 13. What is the units digit of j(8)?
3
Let a(y) = 228*y**2 - y + 2. What is the hundreds digit of a(1)?
2
Suppose 0 = -0*m + m. Suppose -b - 4*b - 2*q + 70 = 0, m = -b + q + 21. Suppose -4*p - 20 = 0, -2*h - p = -3*p - b. What is the units digit of h?
3
Let o(l) = l**3 + 7*l**2 + 3*l + 2. What is the tens digit of o(-5)?
3
Let r = 2 - 4. Let p be r - (2 - 24/(-2)). Let s = p + 23. What is the units digit of s?
7
What is the units digit of 2 + 75 + (-1 - 3)?
3
Let k = -6 - -9. Suppose 2*x - 11 = -k. What is the units digit of x?
4
Let a(h) = h**2 + 6*h + 2. What is the units digit of a(-10)?
2
Suppose -4*n = -21 + 9. Suppose -n*r = -2*u - 3 + 13, 3*r + 8 = 4*u. What is the units digit of (3/r)/(2/(-16))?
6
Let y be 38/8 + (-6)/(-24). Suppose -2*l = y + 3. Let w = 10 + l. What is the units digit of w?
6
Suppose -4*q = 1 - 9. What is the units digit of q?
2
Let w(k) = k**3 - k + 47. What is the units digit of w(0)?
7
Suppose 5*d + 3*y - 16 = 0, 3 - 7 = -2*y. Let v(r) = 8*r + 0 - r**3 + 4*r - 11*r**d + 1 - r. What is the tens digit of v(-12)?
1
Suppose h - 7 = 4. Let a be 2/h - 64/(-11). Let k(j) = -j**3 + 6*j**2 + 2*j - 7. What is the units digit of k(a)?
5
Let l = -411 - -204. What is the tens digit of (-2)/(-6)*l/(-3)?
2
Suppose 8 + 4 = -3*g. Let h = g - 3. Let x = h + 15. What is the units digit of x?
8
Suppose -150 = -5*g + 2*m + 45, 84 = 2*g - 2*m. What is the units digit of g?
7
What is the units digit of ((-12)/7)/(8/(-84))?
8
Let v(u) = u**3 + 2*u**2 - 1.